hat is the remainder when r is divided by 11?
9
Let w be (-3 + 7 - 0) + -2. Calculate the remainder when w*((-99)/(-6) - -3) is divided by 14.
11
Suppose -h = 9*h - 1490. What is the remainder when h is divided by 25?
24
Let r = 28 + 2. Let p(y) = -y**3 + 4*y**2 + 2*y - 2. Let c be p(2). Suppose -c = -v - 2. What is the remainder when r is divided by v?
6
Suppose 3*t = -13 + 40. What is the remainder when 15 is divided by t?
6
Let w(r) be the second derivative of r**5/20 - r**4/6 + r**3/2 + 3*r**2/2 - 3*r. What is the remainder when w(4) is divided by 16?
15
Let n be -15 + (-2 - (-1)/1). Let i be 40/18 - n/(-72). Suppose -i*y = -7*p + 4*p - 25, y - 16 = 5*p. What is the remainder when y is divided by 4?
3
Let s = -204 + 248. What is the remainder when 169 is divided by s?
37
Suppose -327 = -4*b + 225. What is the remainder when b is divided by 28?
26
Suppose -t + 0 = -4. Suppose -x - 23 = -2*j, 0 = 5*j - 2*x + t*x - 35. What is the remainder when 33 is divided by j?
6
Suppose 2*o = -o + 6, 0 = 3*m - 2*o - 14. Suppose 0*p = -4*p + 4*w, -3*p + 20 = 2*w. What is the remainder when 49 is divided by 100/6*m/p?
24
Let y = -25 + 95. Suppose -3*z + z = -y. Calculate the remainder when z is divided by 12.
11
Suppose -34 = -4*k + 18. Calculate the remainder when k is divided by 5.
3
Let y = 36 + 23. Calculate the remainder when y is divided by 20.
19
Let i be (-2)/(-7) + 348/7. Let q = i + -22. What is the remainder when q is divided by 10?
8
Let x = 10 - 4. Let g(w) = 2*w - 8. Let c be g(x). Suppose -h - c*r = -51, -3*h - 15 = 2*r - 138. Calculate the remainder when h is divided by 10.
9
Suppose -5*j + 4*o + 15 = 0, 4*j - 3*j + 4*o = 3. Let f(b) = -2*b**2 - 2*b - b**2 + 2*b - 3*b - 1 + 2*b**3. Calculate the remainder when 50 is divided by f(j).
16
Let u = 3 + -1. Suppose -2*p = p - 4*i + 7, -1 = p - i. Calculate the remainder when p is divided by u.
1
Let j(g) = -g - 9. Let y be j(-11). Suppose y*q = -10, -2*q - 95 = -3*p + 2*q. What is the remainder when p is divided by 13?
12
Let p(a) = -4*a**2 + 1. Let c be p(-1). Let f be (-7 - 0) + c/3. Calculate the remainder when 22 is divided by (f/3)/((-1)/3).
6
Suppose -7*q + 3*q + 5*h - 26 = 0, 0 = -q + 4*h - 12. Let g be 48/28 + (-12)/(-42). Let w = g - q. What is the remainder when 10 is divided by w?
4
Let t(s) = -s**2 - 10*s + 8. Let h be t(-11). Calculate the remainder when 7 is divided by (-1 + 0/2)*h.
1
Suppose 6 = 19*w - 18*w. What is the remainder when 39 is divided by w?
3
Suppose -5*t - 10 + 35 = 0. Suppose 13 + t = 3*k. What is the remainder when 16 is divided by k?
4
Suppose 0 = -51*h + 57*h - 258. What is the remainder when h is divided by 5?
3
Suppose 257 = 3*c - 2*f, 0 = 5*c - 2*f - 0*f - 435. What is the remainder when c is divided by 30?
29
Suppose -c - 2*c - 5*k + 33 = 0, 22 = 2*c - 4*k. What is the remainder when -1 + 1 - 1 - -32 is divided by c?
9
Suppose -8*j + 212 = -4*j. Calculate the remainder when j is divided by 11.
9
Suppose 0*w - 4*z = 5*w - 46, -5*z + 14 = -w. Let x(n) = n**2 + 3*n - 6. What is the remainder when w is divided by x(-5)?
2
Let w be (32/12)/(6/9). Suppose 18 = -w*f + 6*f. What is the remainder when (-2)/(-4)*-5*-10 is divided by f?
7
Let o(a) be the third derivative of -a**6/120 + 7*a**5/60 - a**4/6 - 4*a**3/3 - 3*a**2. Calculate the remainder when 10 is divided by o(6).
2
Let r = -4 - -6. Suppose 3*a = 2*u + 47, 3*u + 43 = r*a + 15. Suppose 4*o = 3*f + 27, -2*f - 15 = -7*f. Calculate the remainder when a is divided by o.
8
Calculate the remainder when 37 is divided by (39/6)/((-6)/(-12)).
11
Let i be 1 - (-245)/((-3)/(-3)). Let f = -10 + i. Suppose 7*j - 3*j = f. What is the remainder when j is divided by 20?
19
Let n(f) = f**2 + 13*f + 6. Calculate the remainder when n(-13) is divided by 6.
0
Suppose -2*p = 3*p - 10. What is the remainder when (-1 - 3)/p + 8 is divided by 2?
0
Suppose -8*l + 4*l + 160 = 3*r, -l + 115 = 2*r. Let f = r - 85. Let q = -12 - f. What is the remainder when 49 is divided by q?
10
Let z be 6 + 0 - (0 - -2). Suppose 0 = -z*m - 5*g - 17, -21 = -0*m + 2*m + 5*g. Calculate the remainder when m*2/(-4)*-1 is divided by 1.
0
Suppose -3 + 1 = -5*r + a, 4*a = 3*r - 8. Suppose r = m - 3. Calculate the remainder when m is divided by 1.
0
Let u(q) = q**2 + 7*q + 9. Let y be u(-6). Suppose 0 = -y*f + 6*f - 45. What is the remainder when 44 is divided by f?
14
Let o be 4/10 + 12/(-5). Let r(h) = 12*h**2. What is the remainder when r(-1) is divided by o*(1 - (-9)/(-2))?
5
Let z = 120 - 69. Suppose 0 = -5*g - 4*p + 66, -3*g = 3*p - z + 12. What is the remainder when g is divided by 8?
6
Let j(p) = 2*p**2 + 4. Let g(z) = -z - 9. Let l be g(-7). What is the remainder when 46 is divided by j(l)?
10
Let c = -50 - -71. What is the remainder when 82 is divided by c?
19
Calculate the remainder when 126 is divided by 126/4 - 2/(-4).
30
Let m = 51 - 30. Suppose 0*x = 4*x - 4. What is the remainder when m is divided by x/(2 + -1) + 10?
10
Suppose -r + 6 = r. Suppose 2*m + r = 3*m. Suppose 5*i + 2*l = 115, m*l = -12 - 3. What is the remainder when i is divided by 9?
7
Suppose 0 = -l + 2*l - 4. Suppose -l*y = -0*y. Suppose -2*x = -y*x - 14. What is the remainder when 20 is divided by x?
6
Suppose -4*m - 3 = -95. Calculate the remainder when m is divided by 2/(-6)*4*-6.
7
Let p = 43 - 24. Suppose -2*x + 152 = 2*a, -a + 179 + 189 = 5*x. Calculate the remainder when x is divided by p.
16
Let j(z) = z + 15. Calculate the remainder when j(13) is divided by 10.
8
Suppose -13 = -z + 6. What is the remainder when z is divided by 5?
4
What is the remainder when 15 is divided by 8/(-6*(-4)/12)?
3
Let r(z) = -z**3 + 6*z**2 - 1. Suppose 0 = i - 3*h - 118, -9*h - 108 = -i - 8*h. Calculate the remainder when i is divided by r(3).
25
Let x = 6 + -4. Calculate the remainder when (x + 2)/((-3)/(-6)) is divided by 5.
3
What is the remainder when (-3180)/(-50) - (-1 + 24/15) is divided by 8?
7
Suppose -5*n - 3*m = 98, 1 = -n + m - 17. Let s = n + 32. What is the remainder when 38 is divided by s?
12
Let i(l) = l + 9. Let n be i(0). Let j(y) be the third derivative of y**4/24 + y**3/2 + 12*y**2. What is the remainder when 47 is divided by j(n)?
11
Let i be ((-4)/6)/(7/(-21)). Suppose -4*d + 0*d = 20, -3*x + 29 = i*d. What is the remainder when 51 is divided by x?
12
Suppose -q = 4*q - 30. Suppose -4*f - 6 = -q*f. Suppose f*k = 202 - 64. Calculate the remainder when k is divided by 16.
14
Suppose 8 = f - 2*m, -2*m = -2*f - 0*f + 6. Suppose -2*u = 2*u - 4. Let b = u - f. Calculate the remainder when b is divided by 2.
1
Let y = -28 + 65. What is the remainder when 146 is divided by y?
35
Let l = 7 + 1. Suppose -19*j + 80 = -319. What is the remainder when j is divided by l?
5
Suppose 3*c = -2*r + r - 9, -4*r + 8 = c. Suppose 0*j - 5*t + 65 = 5*j, -j - r*t + 13 = 0. Calculate the remainder when 37 is divided by j.
11
Suppose -4*t = -6*t - 16. Let k(c) = -c**2 - 9*c + 4. What is the remainder when 46 is divided by k(t)?
10
Let j(h) = -14*h + 4. Let w(o) = 2*o - 10. What is the remainder when j(-3) is divided by w(11)?
10
Let b(q) = 2*q**2 + 2*q + 1. Let w be b(7). Let y = -60 + w. Calculate the remainder when y is divided by 18.
17
Let j(p) = -p**2 + 6*p - 4. Let d be j(7). Let g = d - -17. What is the remainder when g is divided by 2?
0
Let n = 3 - -5. Let d be 0/(-1)*4/n. Suppose -3*o - g - 3*g + 31 = d, -5*o - 2*g = -61. Calculate the remainder when o is divided by 7.
6
Suppose 33*p = 28*p + 10. Calculate the remainder when p is divided by 2.
0
Let j(k) = 13*k + 16. Calculate the remainder when j(8) is divided by 31.
27
Let z(t) = 2*t**2 + 9*t - 6. Calculate the remainder when z(-7) is divided by 8.
5
Let c = -53 + 125. Suppose 5*g = c - 2. Calculate the remainder when g is divided by 8.
6
Let y be (2 + 2/(-3))*3. Suppose -6 = -2*n, -154 = -y*w - 2*n - 60. Calculate the remainder when w is divided by 12.
10
Let f = -152 - -215. Suppose -33 = -2*s + 11. Calculate the remainder when f is divided by s.
19
Let p(b) be the second derivative of b**3/2 - 7*b**2/2 + 2*b. What is the remainder when p(5) is divided by 3?
2
Let f(b) = -b**2 - 5*b + 8. Let z be 56/(-9) + 4/18. Let p be f(z). Calculate the remainder when 28 is divided by (p - 14/6)*-30.
8
Let d = 15 - 7. Calculate the remainder